{"id":94,"date":"2025-07-15T23:27:12","date_gmt":"2025-07-15T22:27:12","guid":{"rendered":"https:\/\/mk-multiservices.fr\/?page_id=94"},"modified":"2025-11-13T00:25:18","modified_gmt":"2025-11-12T23:25:18","slug":"debarrassage","status":"publish","type":"page","link":"https:\/\/mk-multiservices.fr\/index.php\/debarrassage\/","title":{"rendered":"D\u00e9barrassage"},"content":{"rendered":"\n<div class=\"wp-block-uagb-container uagb-block-fb8bb385 alignfull uagb-is-root-container\"><div class=\"uagb-container-inner-blocks-wrap\">\n<div class=\"wp-block-uagb-container uagb-block-16609c73\"><\/div>\n\n\n\n<div class=\"wp-block-uagb-container uagb-block-8995b7d0\">\n<h1 class=\"wp-block-heading has-ast-global-color-4-color has-text-color has-link-color wp-elements-d1e1271812b39b608b13b9c840480356\">D\u00e9barras complet ou chantier en cours ! Gagnez de l\u2019espace, sans effort !<\/h1>\n<\/div>\n<\/div><\/div>\n\n\n\n<div class=\"wp-block-uagb-container uagb-block-62544203 alignfull uagb-is-root-container\"><div class=\"uagb-container-inner-blocks-wrap\">\n<p>Chez MK Multiservices, nous savons que vider une maison, un appartement, un grenier ou un local professionnel peut vite devenir une t\u00e2che lourde et contraignante.<br>Notre \u00e9quipe intervient rapidement pour vous aider \u00e0 <strong>d\u00e9sencombrer, trier et \u00e9vacuer<\/strong> vos biens, qu\u2019il s\u2019agisse de meubles, d\u2019\u00e9lectrom\u00e9nager, de cartons, d\u2019archives ou de d\u00e9chets divers.<\/p>\n<\/div><\/div>\n\n\n\n<div class=\"wp-block-uagb-container uagb-block-0167b1b1 alignfull uagb-is-root-container\"><div class=\"uagb-container-inner-blocks-wrap\">\n<div class=\"wp-block-uagb-container uagb-block-5ec6c172\">\n<h2 class=\"wp-block-heading has-text-align-center\">Nos Services <\/h2>\n<\/div>\n\n\n\n<div class=\"wp-block-group uag-hide-mob is-nowrap is-layout-flex wp-container-core-group-is-layout-6c531013 wp-block-group-is-layout-flex\">\n<div class=\"wp-block-uagb-container uagb-block-b15af047\">\n<h3 class=\"wp-block-heading has-text-align-center\">\ud83c\udfe2 D\u00e9barras de locaux professionnels<\/h3>\n\n\n\n<p class=\"has-text-align-center\">MK Multiservices propose aussi le <strong><strong>d\u00e9sencombrement <\/strong>de bureaux, entrep\u00f4ts, commerces ou ateliers<\/strong>, afin de lib\u00e9rer rapidement vos espaces et vous permettre de reprendre votre activit\u00e9 dans les meilleures conditions.<\/p>\n<\/div>\n\n\n\n<div class=\"wp-block-uagb-container uagb-block-1f1e7ac5\">\n<h3 class=\"wp-block-heading has-text-align-center\">\ud83c\udfe0 D\u00e9barras de maisons et appartements<\/h3>\n\n\n\n<p class=\"has-text-align-center\">Vous d\u00e9m\u00e9nagez, vendez un bien ou souhaitez simplement faire de la place ? Nous d\u00e9barrassons toutes les pi\u00e8ces (salon, chambres, caves, greniers, garages) en assurant un tri soign\u00e9 entre objets r\u00e9utilisables, recyclables et d\u00e9chets.<\/p>\n<\/div>\n\n\n\n<div class=\"wp-block-uagb-container uagb-block-19ab4394\">\n<h3 class=\"wp-block-heading has-text-align-center\">\u267b\ufe0f Tri et recyclage responsable<\/h3>\n\n\n\n<p class=\"has-text-align-center\">Nous veillons \u00e0 ce que chaque objet trouve la bonne fili\u00e8re : <strong>dons, recyclage, d\u00e9ch\u00e8terie<\/strong>. Votre d\u00e9barras est donc non seulement rapide, mais aussi <strong>\u00e9cologique et respectueux de l\u2019environnement<\/strong>.<\/p>\n<\/div>\n<\/div>\n\n\n\n<div class=\"wp-block-group uag-hide-desktop uag-hide-tab is-vertical is-nowrap is-layout-flex wp-container-core-group-is-layout-3655d5c7 wp-block-group-is-layout-flex\">\n<div class=\"wp-block-uagb-container uagb-block-661a6942\">\n<h3 class=\"wp-block-heading has-text-align-center\">\ud83c\udfe2 D\u00e9barras de locaux professionnels<\/h3>\n\n\n\n<p class=\"has-text-align-center\">MK Multiservices propose aussi le <strong>d\u00e9sencombrement de bureaux, entrep\u00f4ts, commerces ou ateliers<\/strong>, afin de lib\u00e9rer rapidement vos espaces et vous permettre de reprendre votre activit\u00e9 dans les meilleures conditions.<\/p>\n<\/div>\n\n\n\n<div class=\"wp-block-uagb-container uagb-block-2c8e7d50\">\n<h3 class=\"wp-block-heading has-text-align-center\">\ud83c\udfe0 D\u00e9barras de maisons et appartements<\/h3>\n\n\n\n<p class=\"has-text-align-center\">Vous d\u00e9m\u00e9nagez, vendez un bien ou souhaitez simplement faire de la place ? Nous d\u00e9barrassons toutes les pi\u00e8ces (salon, chambres, caves, greniers, garages) en assurant un tri soign\u00e9 entre objets r\u00e9utilisables, recyclables et d\u00e9chets.<\/p>\n<\/div>\n\n\n\n<div class=\"wp-block-uagb-container uagb-block-4a585e4a\">\n<h3 class=\"wp-block-heading has-text-align-center\">\u267b\ufe0f Tri et recyclage responsable<\/h3>\n\n\n\n<p class=\"has-text-align-center\">Nous veillons \u00e0 ce que chaque objet trouve la bonne fili\u00e8re : <strong>dons, recyclage, d\u00e9ch\u00e8terie<\/strong>. Votre d\u00e9barras est donc non seulement rapide, mais aussi <strong>\u00e9cologique et respectueux de l\u2019environnement<\/strong>.<\/p>\n<\/div>\n<\/div>\n<\/div><\/div>\n\n\n\n<div class=\"wp-block-uagb-container uagb-block-8ee1414b alignfull uagb-is-root-container\"><div class=\"uagb-container-inner-blocks-wrap\">\n<h2 class=\"wp-block-heading has-text-align-center\">Nos Derniers Projets<\/h2>\n\n\n\t\t\t\t\t<div\n\t\t\t\t\t\tclass=\"wp-block-uagb-image-gallery uagb-block-c2c97a1b     \"\n\t\t\t\t\t\tstyle=\"\"\n\t\t\t\t\t>\n\t\t\t\t\t\t\t\t\t\t\t<div class=\"spectra-image-gallery spectra-image-gallery__layout--carousel\">\n\t\t\t\t\t\t\t\t<div class=\"uagb-slick-carousel uagb-block-c2c97a1b\">\n\t\t\t\t\t\t\t\t\t\t\t\t<div class='spectra-image-gallery__media-wrapper' data-spectra-gallery-image-id='314'>\n\t\t\t\t\t\t\t<div class=\"spectra-image-gallery__media spectra-image-gallery__media--carousel\">\n\t\t\t\t<picture>\n\t\t\t\t\t<source media=\"(min-width: 1024px)\" srcset=\"https:\/\/mk-multiservices.fr\/wp-content\/uploads\/2025\/11\/debarras-chantier2.jpg\">\n\t\t\t\t\t<source media=\"(min-width: 768px)\" srcset=\"https:\/\/mk-multiservices.fr\/wp-content\/uploads\/2025\/11\/debarras-chantier2.jpg\">\n\t\t\t\t\t<img decoding=\"async\" class=\"spectra-image-gallery__media-thumbnail spectra-image-gallery__media-thumbnail--carousel\" src=\"https:\/\/mk-multiservices.fr\/wp-content\/uploads\/2025\/11\/debarras-chantier2.jpg\" alt=\"\" loading=\"lazy\" \/>\n\t\t\t\t<\/picture>\n\t\t\t\t<div class=\"spectra-image-gallery__media-thumbnail-blurrer\"><\/div>\n\t\t\t\t\t\t\t\t\t\t\t<div class=\"spectra-image-gallery__media-thumbnail-caption-wrapper spectra-image-gallery__media-thumbnail-caption-wrapper--overlay\">\n\t\t\t\t\t\t\t\t\t\t\t<div class=\"spectra-image-gallery__media-thumbnail-caption spectra-image-gallery__media-thumbnail-caption--overlay\">\n\t\t\t\t\tD\u00e9barrassage de dalles \t\t\t\t<\/div>\n\t\t\t\t\t\t\t\t\t\t<\/div>\n\t\t\t\t\t\t\t\t\t<\/div>\n\t\t\t\t\t\t<\/div>\n\t\t\t\t\t\t<div class='spectra-image-gallery__media-wrapper' data-spectra-gallery-image-id='313'>\n\t\t\t\t\t\t\t<div class=\"spectra-image-gallery__media spectra-image-gallery__media--carousel\">\n\t\t\t\t<picture>\n\t\t\t\t\t<source media=\"(min-width: 1024px)\" srcset=\"https:\/\/mk-multiservices.fr\/wp-content\/uploads\/2025\/11\/debarras-chantier1.jpg\">\n\t\t\t\t\t<source media=\"(min-width: 768px)\" srcset=\"https:\/\/mk-multiservices.fr\/wp-content\/uploads\/2025\/11\/debarras-chantier1.jpg\">\n\t\t\t\t\t<img decoding=\"async\" class=\"spectra-image-gallery__media-thumbnail spectra-image-gallery__media-thumbnail--carousel\" src=\"https:\/\/mk-multiservices.fr\/wp-content\/uploads\/2025\/11\/debarras-chantier1.jpg\" alt=\"\" loading=\"lazy\" \/>\n\t\t\t\t<\/picture>\n\t\t\t\t<div class=\"spectra-image-gallery__media-thumbnail-blurrer\"><\/div>\n\t\t\t\t\t\t\t\t\t\t\t<div class=\"spectra-image-gallery__media-thumbnail-caption-wrapper spectra-image-gallery__media-thumbnail-caption-wrapper--overlay\">\n\t\t\t\t\t\t\t\t\t\t\t<div class=\"spectra-image-gallery__media-thumbnail-caption spectra-image-gallery__media-thumbnail-caption--overlay\">\n\t\t\t\t\tEvacuation de souches de bois\t\t\t\t<\/div>\n\t\t\t\t\t\t\t\t\t\t<\/div>\n\t\t\t\t\t\t\t\t\t<\/div>\n\t\t\t\t\t\t<\/div>\n\t\t\t\t\t\t<div class='spectra-image-gallery__media-wrapper' data-spectra-gallery-image-id='315'>\n\t\t\t\t\t\t\t<div class=\"spectra-image-gallery__media spectra-image-gallery__media--carousel\">\n\t\t\t\t<picture>\n\t\t\t\t\t<source media=\"(min-width: 1024px)\" srcset=\"https:\/\/mk-multiservices.fr\/wp-content\/uploads\/2025\/11\/debarras-chantier3.jpg\">\n\t\t\t\t\t<source media=\"(min-width: 768px)\" srcset=\"https:\/\/mk-multiservices.fr\/wp-content\/uploads\/2025\/11\/debarras-chantier3.jpg\">\n\t\t\t\t\t<img decoding=\"async\" class=\"spectra-image-gallery__media-thumbnail spectra-image-gallery__media-thumbnail--carousel\" src=\"https:\/\/mk-multiservices.fr\/wp-content\/uploads\/2025\/11\/debarras-chantier3.jpg\" alt=\"\" loading=\"lazy\" \/>\n\t\t\t\t<\/picture>\n\t\t\t\t<div class=\"spectra-image-gallery__media-thumbnail-blurrer\"><\/div>\n\t\t\t\t\t\t\t\t\t\t\t<div class=\"spectra-image-gallery__media-thumbnail-caption-wrapper spectra-image-gallery__media-thumbnail-caption-wrapper--overlay\">\n\t\t\t\t\t\t\t\t\t\t\t<div class=\"spectra-image-gallery__media-thumbnail-caption spectra-image-gallery__media-thumbnail-caption--overlay\">\n\t\t\t\t\tEvacuation d&rsquo;une usine \t\t\t\t<\/div>\n\t\t\t\t\t\t\t\t\t\t<\/div>\n\t\t\t\t\t\t\t\t\t<\/div>\n\t\t\t\t\t\t<\/div>\n\t\t\t\t\t\t<div class='spectra-image-gallery__media-wrapper' data-spectra-gallery-image-id='317'>\n\t\t\t\t\t\t\t<div class=\"spectra-image-gallery__media spectra-image-gallery__media--carousel\">\n\t\t\t\t<picture>\n\t\t\t\t\t<source media=\"(min-width: 1024px)\" srcset=\"https:\/\/mk-multiservices.fr\/wp-content\/uploads\/2025\/11\/Debarras-chantier5.jpg\">\n\t\t\t\t\t<source media=\"(min-width: 768px)\" srcset=\"https:\/\/mk-multiservices.fr\/wp-content\/uploads\/2025\/11\/Debarras-chantier5.jpg\">\n\t\t\t\t\t<img decoding=\"async\" class=\"spectra-image-gallery__media-thumbnail spectra-image-gallery__media-thumbnail--carousel\" src=\"https:\/\/mk-multiservices.fr\/wp-content\/uploads\/2025\/11\/Debarras-chantier5.jpg\" alt=\"\" loading=\"lazy\" \/>\n\t\t\t\t<\/picture>\n\t\t\t\t<div class=\"spectra-image-gallery__media-thumbnail-blurrer\"><\/div>\n\t\t\t\t\t\t\t\t\t\t\t<div class=\"spectra-image-gallery__media-thumbnail-caption-wrapper spectra-image-gallery__media-thumbnail-caption-wrapper--overlay\">\n\t\t\t\t\t\t\t\t\t\t\t<div class=\"spectra-image-gallery__media-thumbnail-caption spectra-image-gallery__media-thumbnail-caption--overlay\">\n\t\t\t\t\tBennes de bois chez un particulier\t\t\t\t<\/div>\n\t\t\t\t\t\t\t\t\t\t<\/div>\n\t\t\t\t\t\t\t\t\t<\/div>\n\t\t\t\t\t\t<\/div>\n\t\t\t\t\t\t<div class='spectra-image-gallery__media-wrapper' data-spectra-gallery-image-id='320'>\n\t\t\t\t\t\t\t<div class=\"spectra-image-gallery__media spectra-image-gallery__media--carousel\">\n\t\t\t\t<picture>\n\t\t\t\t\t<source media=\"(min-width: 1024px)\" srcset=\"https:\/\/mk-multiservices.fr\/wp-content\/uploads\/2025\/11\/Snapchat-1399466706.jpg\">\n\t\t\t\t\t<source media=\"(min-width: 768px)\" srcset=\"https:\/\/mk-multiservices.fr\/wp-content\/uploads\/2025\/11\/Snapchat-1399466706.jpg\">\n\t\t\t\t\t<img decoding=\"async\" class=\"spectra-image-gallery__media-thumbnail spectra-image-gallery__media-thumbnail--carousel\" src=\"https:\/\/mk-multiservices.fr\/wp-content\/uploads\/2025\/11\/Snapchat-1399466706.jpg\" alt=\"\" loading=\"lazy\" \/>\n\t\t\t\t<\/picture>\n\t\t\t\t<div class=\"spectra-image-gallery__media-thumbnail-blurrer\"><\/div>\n\t\t\t\t\t\t\t\t\t\t\t<div class=\"spectra-image-gallery__media-thumbnail-caption-wrapper spectra-image-gallery__media-thumbnail-caption-wrapper--overlay\">\n\t\t\t\t\t\t\t\t\t\t\t<div class=\"spectra-image-gallery__media-thumbnail-caption spectra-image-gallery__media-thumbnail-caption--overlay\">\n\t\t\t\t\tNettoyage d&rsquo;un chantier de r\u00e9novation d&rsquo;une maison\t\t\t\t<\/div>\n\t\t\t\t\t\t\t\t\t\t<\/div>\n\t\t\t\t\t\t\t\t\t<\/div>\n\t\t\t\t\t\t<\/div>\n\t\t\t\t\t\t\t\t\t\t\t<\/div>\n\t\t\t\t\t\t\t<\/div>\n\t\t\t\t\t\t\t\t\t\t\t<\/div>\n\t\t\t\t\t\t\t\t\t<\/div><\/div>\n\n\n\n<div class=\"wp-block-uagb-container uagb-block-0a8d2501 alignfull uagb-is-root-container\"><div class=\"uagb-container-inner-blocks-wrap\">\n<div class=\"wp-block-uagb-container uagb-block-75b46421\">\n<h2 class=\"wp-block-heading\">Pourquoi choisir MK Multiservices pour votre d\u00e9barras ?<\/h2>\n<\/div>\n\n\n\n<div class=\"wp-block-uagb-container uagb-block-ed8382bf\">\n<ul class=\"wp-block-list\">\n<li>\u23f1\ufe0f Rapidit\u00e9 d\u2019intervention et respect des d\u00e9lais<\/li>\n\n\n\n<li>\ud83d\udc77\u200d\u2642\ufe0f \u00c9quipe exp\u00e9riment\u00e9e et discr\u00e8te<\/li>\n\n\n\n<li>\u267b\ufe0f Gestion compl\u00e8te : tri, chargement, \u00e9vacuation, nettoyage<\/li>\n\n\n\n<li>\u2705 Devis clair et gratuit avant chaque mission<\/li>\n<\/ul>\n<\/div>\n<\/div><\/div>\n\n\n\n<div class=\"wp-block-uagb-container uagb-block-fdfdb224 alignfull uagb-is-root-container\"><div class=\"uagb-container-inner-blocks-wrap\">\n<h2 class=\"wp-block-heading has-text-align-center\">Besoin de vider une maison, un appartement ou un local encombr\u00e9 ?<\/h2>\n\n\n\n<p class=\"has-text-align-center\">Contactez MK Multiservices d\u00e8s aujourd\u2019hui et retrouvez un espace propre et d\u00e9gag\u00e9, sans effort !<\/p>\n\n\n\n<div class=\"wp-block-uagb-buttons uagb-buttons__outer-wrap uagb-btn__default-btn uagb-btn-tablet__default-btn uagb-btn-mobile__default-btn uagb-block-18d9558e\"><div class=\"uagb-buttons__wrap uagb-buttons-layout-wrap \">\n<div class=\"wp-block-uagb-buttons-child uagb-buttons__outer-wrap uagb-block-1254ce93 wp-block-button\"><div class=\"uagb-button__wrapper\"><a class=\"uagb-buttons-repeater wp-block-button__link\" aria-label=\"\" href=\"https:\/\/mk-multiservices.fr\/index.php\/contact\/\" rel=\"follow noopener\" target=\"_self\" role=\"button\"><div class=\"uagb-button__link\">Nous Contacter<\/div><\/a><\/div><\/div>\n<\/div><\/div>\n<\/div><\/div>\n\n\n\n<p><\/p>\n","protected":false},"excerpt":{"rendered":"<p>D\u00e9barras complet ou chantier en cours ! Gagnez de l\u2019espace, sans effort ! Chez MK Multiservices, nous savons que vider [&hellip;]<\/p>\n","protected":false},"author":1,"featured_media":0,"parent":0,"menu_order":0,"comment_status":"closed","ping_status":"closed","template":"","meta":{"_uag_custom_page_level_css":"","site-sidebar-layout":"default","site-content-layout":"","ast-site-content-layout":"default","site-content-style":"default","site-sidebar-style":"default","ast-global-header-display":"","ast-banner-title-visibility":"","ast-main-header-display":"","ast-hfb-above-header-display":"","ast-hfb-below-header-display":"","ast-hfb-mobile-header-display":"","site-post-title":"disabled","ast-breadcrumbs-content":"","ast-featured-img":"","footer-sml-layout":"","theme-transparent-header-meta":"","adv-header-id-meta":"","stick-header-meta":"","header-above-stick-meta":"","header-main-stick-meta":"","header-below-stick-meta":"","astra-migrate-meta-layouts":"default","ast-page-background-enabled":"default","ast-page-background-meta":{"desktop":{"background-color":"var(--ast-global-color-5)","background-image":"","background-repeat":"repeat","background-position":"center center","background-size":"auto","background-attachment":"scroll","background-type":"","background-media":"","overlay-type":"","overlay-color":"","overlay-opacity":"","overlay-gradient":""},"tablet":{"background-color":"","background-image":"","background-repeat":"repeat","background-position":"center center","background-size":"auto","background-attachment":"scroll","background-type":"","background-media":"","overlay-type":"","overlay-color":"","overlay-opacity":"","overlay-gradient":""},"mobile":{"background-color":"","background-image":"","background-repeat":"repeat","background-position":"center center","background-size":"auto","background-attachment":"scroll","background-type":"","background-media":"","overlay-type":"","overlay-color":"","overlay-opacity":"","overlay-gradient":""}},"ast-content-background-meta":{"desktop":{"background-color":"var(--ast-global-color-4)","background-image":"","background-repeat":"repeat","background-position":"center center","background-size":"auto","background-attachment":"scroll","background-type":"","background-media":"","overlay-type":"","overlay-color":"","overlay-opacity":"","overlay-gradient":""},"tablet":{"background-color":"var(--ast-global-color-4)","background-image":"","background-repeat":"repeat","background-position":"center center","background-size":"auto","background-attachment":"scroll","background-type":"","background-media":"","overlay-type":"","overlay-color":"","overlay-opacity":"","overlay-gradient":""},"mobile":{"background-color":"var(--ast-global-color-4)","background-image":"","background-repeat":"repeat","background-position":"center center","background-size":"auto","background-attachment":"scroll","background-type":"","background-media":"","overlay-type":"","overlay-color":"","overlay-opacity":"","overlay-gradient":""}},"footnotes":""},"class_list":["post-94","page","type-page","status-publish","hentry"],"yoast_head":"<!-- This site is optimized with the Yoast SEO plugin v26.3 - https:\/\/yoast.com\/wordpress\/plugins\/seo\/ -->\n<title>MK Multiservices - D\u00e9barras Maison, Appartement et Locaux \u00e0 Lyon<\/title>\n<meta name=\"description\" content=\"MK Multiservices vous aide \u00e0 vider maison, appartement ou local professionnel \u00e0 Lyon. D\u00e9barras complet, tri, recyclage et \u00e9vacuation rapide.\" \/>\n<meta name=\"robots\" content=\"index, follow, max-snippet:-1, max-image-preview:large, max-video-preview:-1, noarchive\" \/>\n<link rel=\"canonical\" href=\"https:\/\/mk-multiservices.fr\/index.php\/debarrassage\/\" \/>\n<meta property=\"og:locale\" content=\"fr_FR\" \/>\n<meta property=\"og:type\" content=\"article\" \/>\n<meta property=\"og:title\" content=\"MK Multiservices - D\u00e9barras Maison, Appartement et Locaux \u00e0 Lyon\" \/>\n<meta property=\"og:description\" content=\"MK Multiservices vous aide \u00e0 vider maison, appartement ou local professionnel \u00e0 Lyon. D\u00e9barras complet, tri, recyclage et \u00e9vacuation rapide.\" \/>\n<meta property=\"og:url\" content=\"https:\/\/mk-multiservices.fr\/index.php\/debarrassage\/\" \/>\n<meta property=\"og:site_name\" content=\"MK Multiservices\" \/>\n<meta property=\"article:modified_time\" content=\"2025-11-12T23:25:18+00:00\" \/>\n<meta name=\"twitter:card\" content=\"summary_large_image\" \/>\n<meta name=\"twitter:label1\" content=\"Dur\u00e9e de lecture estim\u00e9e\" \/>\n\t<meta name=\"twitter:data1\" content=\"2 minutes\" \/>\n<script type=\"application\/ld+json\" class=\"yoast-schema-graph\">{\"@context\":\"https:\/\/schema.org\",\"@graph\":[{\"@type\":\"WebPage\",\"@id\":\"https:\/\/mk-multiservices.fr\/index.php\/debarrassage\/\",\"url\":\"https:\/\/mk-multiservices.fr\/index.php\/debarrassage\/\",\"name\":\"MK Multiservices - D\u00e9barras Maison, Appartement et Locaux \u00e0 Lyon\",\"isPartOf\":{\"@id\":\"https:\/\/mk-multiservices.fr\/#website\"},\"datePublished\":\"2025-07-15T22:27:12+00:00\",\"dateModified\":\"2025-11-12T23:25:18+00:00\",\"description\":\"MK Multiservices vous aide \u00e0 vider maison, appartement ou local professionnel \u00e0 Lyon. D\u00e9barras complet, tri, recyclage et \u00e9vacuation rapide.\",\"breadcrumb\":{\"@id\":\"https:\/\/mk-multiservices.fr\/index.php\/debarrassage\/#breadcrumb\"},\"inLanguage\":\"fr-FR\",\"potentialAction\":[{\"@type\":\"ReadAction\",\"target\":[\"https:\/\/mk-multiservices.fr\/index.php\/debarrassage\/\"]}]},{\"@type\":\"BreadcrumbList\",\"@id\":\"https:\/\/mk-multiservices.fr\/index.php\/debarrassage\/#breadcrumb\",\"itemListElement\":[{\"@type\":\"ListItem\",\"position\":1,\"name\":\"Accueil\",\"item\":\"https:\/\/mk-multiservices.fr\/\"},{\"@type\":\"ListItem\",\"position\":2,\"name\":\"D\u00e9barrassage\"}]},{\"@type\":\"WebSite\",\"@id\":\"https:\/\/mk-multiservices.fr\/#website\",\"url\":\"https:\/\/mk-multiservices.fr\/\",\"name\":\"MK Multiservices\",\"description\":\"\",\"publisher\":{\"@id\":\"https:\/\/mk-multiservices.fr\/#organization\"},\"potentialAction\":[{\"@type\":\"SearchAction\",\"target\":{\"@type\":\"EntryPoint\",\"urlTemplate\":\"https:\/\/mk-multiservices.fr\/?s={search_term_string}\"},\"query-input\":{\"@type\":\"PropertyValueSpecification\",\"valueRequired\":true,\"valueName\":\"search_term_string\"}}],\"inLanguage\":\"fr-FR\"},{\"@type\":\"Organization\",\"@id\":\"https:\/\/mk-multiservices.fr\/#organization\",\"name\":\"MK Multiservices\",\"url\":\"https:\/\/mk-multiservices.fr\/\",\"logo\":{\"@type\":\"ImageObject\",\"inLanguage\":\"fr-FR\",\"@id\":\"https:\/\/mk-multiservices.fr\/#\/schema\/logo\/image\/\",\"url\":\"https:\/\/mk-multiservices.fr\/wp-content\/uploads\/2025\/07\/logo1.png\",\"contentUrl\":\"https:\/\/mk-multiservices.fr\/wp-content\/uploads\/2025\/07\/logo1.png\",\"width\":1024,\"height\":1024,\"caption\":\"MK Multiservices\"},\"image\":{\"@id\":\"https:\/\/mk-multiservices.fr\/#\/schema\/logo\/image\/\"}}]}<\/script>\n<!-- \/ Yoast SEO plugin. -->","yoast_head_json":{"title":"MK Multiservices - D\u00e9barras Maison, Appartement et Locaux \u00e0 Lyon","description":"MK Multiservices vous aide \u00e0 vider maison, appartement ou local professionnel \u00e0 Lyon. D\u00e9barras complet, tri, recyclage et \u00e9vacuation rapide.","robots":{"index":"index","follow":"follow","max-snippet":"max-snippet:-1","max-image-preview":"max-image-preview:large","max-video-preview":"max-video-preview:-1","archive":"noarchive"},"canonical":"https:\/\/mk-multiservices.fr\/index.php\/debarrassage\/","og_locale":"fr_FR","og_type":"article","og_title":"MK Multiservices - D\u00e9barras Maison, Appartement et Locaux \u00e0 Lyon","og_description":"MK Multiservices vous aide \u00e0 vider maison, appartement ou local professionnel \u00e0 Lyon. D\u00e9barras complet, tri, recyclage et \u00e9vacuation rapide.","og_url":"https:\/\/mk-multiservices.fr\/index.php\/debarrassage\/","og_site_name":"MK Multiservices","article_modified_time":"2025-11-12T23:25:18+00:00","twitter_card":"summary_large_image","twitter_misc":{"Dur\u00e9e de lecture estim\u00e9e":"2 minutes"},"schema":{"@context":"https:\/\/schema.org","@graph":[{"@type":"WebPage","@id":"https:\/\/mk-multiservices.fr\/index.php\/debarrassage\/","url":"https:\/\/mk-multiservices.fr\/index.php\/debarrassage\/","name":"MK Multiservices - D\u00e9barras Maison, Appartement et Locaux \u00e0 Lyon","isPartOf":{"@id":"https:\/\/mk-multiservices.fr\/#website"},"datePublished":"2025-07-15T22:27:12+00:00","dateModified":"2025-11-12T23:25:18+00:00","description":"MK Multiservices vous aide \u00e0 vider maison, appartement ou local professionnel \u00e0 Lyon. D\u00e9barras complet, tri, recyclage et \u00e9vacuation rapide.","breadcrumb":{"@id":"https:\/\/mk-multiservices.fr\/index.php\/debarrassage\/#breadcrumb"},"inLanguage":"fr-FR","potentialAction":[{"@type":"ReadAction","target":["https:\/\/mk-multiservices.fr\/index.php\/debarrassage\/"]}]},{"@type":"BreadcrumbList","@id":"https:\/\/mk-multiservices.fr\/index.php\/debarrassage\/#breadcrumb","itemListElement":[{"@type":"ListItem","position":1,"name":"Accueil","item":"https:\/\/mk-multiservices.fr\/"},{"@type":"ListItem","position":2,"name":"D\u00e9barrassage"}]},{"@type":"WebSite","@id":"https:\/\/mk-multiservices.fr\/#website","url":"https:\/\/mk-multiservices.fr\/","name":"MK Multiservices","description":"","publisher":{"@id":"https:\/\/mk-multiservices.fr\/#organization"},"potentialAction":[{"@type":"SearchAction","target":{"@type":"EntryPoint","urlTemplate":"https:\/\/mk-multiservices.fr\/?s={search_term_string}"},"query-input":{"@type":"PropertyValueSpecification","valueRequired":true,"valueName":"search_term_string"}}],"inLanguage":"fr-FR"},{"@type":"Organization","@id":"https:\/\/mk-multiservices.fr\/#organization","name":"MK Multiservices","url":"https:\/\/mk-multiservices.fr\/","logo":{"@type":"ImageObject","inLanguage":"fr-FR","@id":"https:\/\/mk-multiservices.fr\/#\/schema\/logo\/image\/","url":"https:\/\/mk-multiservices.fr\/wp-content\/uploads\/2025\/07\/logo1.png","contentUrl":"https:\/\/mk-multiservices.fr\/wp-content\/uploads\/2025\/07\/logo1.png","width":1024,"height":1024,"caption":"MK Multiservices"},"image":{"@id":"https:\/\/mk-multiservices.fr\/#\/schema\/logo\/image\/"}}]}},"uagb_featured_image_src":{"full":false,"thumbnail":false,"medium":false,"medium_large":false,"large":false,"1536x1536":false,"2048x2048":false},"uagb_author_info":{"display_name":"admin7224","author_link":"https:\/\/mk-multiservices.fr\/index.php\/author\/admin7224\/"},"uagb_comment_info":0,"uagb_excerpt":"D\u00e9barras complet ou chantier en cours ! Gagnez de l\u2019espace, sans effort ! Chez MK Multiservices, nous savons que vider [&hellip;]","_links":{"self":[{"href":"https:\/\/mk-multiservices.fr\/index.php\/wp-json\/wp\/v2\/pages\/94","targetHints":{"allow":["GET"]}}],"collection":[{"href":"https:\/\/mk-multiservices.fr\/index.php\/wp-json\/wp\/v2\/pages"}],"about":[{"href":"https:\/\/mk-multiservices.fr\/index.php\/wp-json\/wp\/v2\/types\/page"}],"author":[{"embeddable":true,"href":"https:\/\/mk-multiservices.fr\/index.php\/wp-json\/wp\/v2\/users\/1"}],"replies":[{"embeddable":true,"href":"https:\/\/mk-multiservices.fr\/index.php\/wp-json\/wp\/v2\/comments?post=94"}],"version-history":[{"count":11,"href":"https:\/\/mk-multiservices.fr\/index.php\/wp-json\/wp\/v2\/pages\/94\/revisions"}],"predecessor-version":[{"id":323,"href":"https:\/\/mk-multiservices.fr\/index.php\/wp-json\/wp\/v2\/pages\/94\/revisions\/323"}],"wp:attachment":[{"href":"https:\/\/mk-multiservices.fr\/index.php\/wp-json\/wp\/v2\/media?parent=94"}],"curies":[{"name":"wp","href":"https:\/\/api.w.org\/{rel}","templated":true}]}}